culate the highest common factor of o and 20.
4
Let t(c) be the first derivative of c**4/4 - 25*c**3/3 + 13*c**2 - 29*c + 39. Let f be t(24). What is the greatest common factor of 95 and f?
19
Suppose -14 = -h + 5*k - k, 5*k + 11 = -2*h. Suppose -3*m + 3*s + 6 = 0, s - 2 = -2*m + h. Calculate the highest common divisor of m and 14.
2
Suppose 3*z + 207 = -0*z. Let j = z + 72. Calculate the highest common factor of j and 6.
3
Suppose 7*i + 405 + 15 = 0. Let g = i + 70. What is the highest common divisor of 20 and g?
10
Let m(k) = 15*k**2 - k - 2. Let l be m(-2). Suppose 9*p - 4*p = l. What is the greatest common divisor of p and 18?
6
Let k be 5*(-438)/(-90) - 18/54. Let l(t) = t**3 + 4*t**2 - 4*t + 2. Let y be l(2). What is the highest common divisor of y and k?
6
Suppose 280 = 6*a + 64. What is the highest common factor of 20 and a?
4
Suppose 2*a - 19*i + 14*i = 3608, 0 = -5*a + 3*i + 9039. What is the greatest common factor of a and 67?
67
Let h = 260 - 132. Let j = h - 92. Calculate the greatest common divisor of 48 and j.
12
Suppose 0 = 5*r + 2*a - 61, -a - 41 = 11*r - 14*r. Let d(h) = 12*h**2 - 4. Let s be d(-3). Calculate the highest common factor of s and r.
13
Let q = 1472 - 570. Calculate the greatest common divisor of 164 and q.
82
Suppose 14 + 2 = 4*q. Let g be (50/(-20))/((-2)/4). Suppose 2*m + 2*b - 24 = 0, g*m - 5 = -2*b + 49. Calculate the greatest common factor of q and m.
2
Let h(x) = -9*x**2 + 38*x - 60. Let s(t) = -5*t**2 + 19*t - 30. Let y(p) = -4*h(p) + 7*s(p). Let a be y(18). Calculate the greatest common divisor of 24 and a.
12
Let h(b) = 2*b - 25. Let l be h(15). Suppose 0*v = 3*x + l*v + 12, 5*x - 5*v = 20. Suppose -2 + 6 = n. Calculate the highest common factor of n and x.
1
Let z(o) = 9*o - 14. Let a = 2 + 7. Let n be z(a). Suppose 2*v + 3 - n = 0. Calculate the greatest common factor of 4 and v.
4
Let v be (-12)/5*(-2070)/27. Calculate the highest common factor of 23 and v.
23
Let s(l) be the second derivative of -l**5/10 - l**4/3 - 5*l**3/6 - 5*l**2/2 + 14*l. Let y be s(-2). What is the highest common factor of 50 and y?
5
Let m(f) = 4*f - 25. Let a be m(7). Let u(v) = 19*v - 2. Let w be u(a). What is the greatest common factor of w and 22?
11
Let c = -29 + 12. Let r be 0 - (12*c - 0). Let o be ((-8)/3)/((-17)/r). What is the greatest common divisor of o and 8?
8
Let o(i) be the first derivative of 2*i**3/3 + 3*i**2/2 + 5*i + 2. Let p be o(-5). Calculate the greatest common divisor of 20 and p.
20
Let l = -56 - -60. Suppose -12 = 4*r + 4*c, 7*r = 4*r + 2*c + 16. Calculate the highest common divisor of l and r.
2
Suppose 0 = -10*p + 5*p - 20. Let l be 26/p + (-1)/2. Let x be (66/9)/(l/(-168)). Calculate the highest common divisor of x and 16.
16
Suppose -i - 22*z = -25*z - 189, -5*i + 945 = 5*z. What is the greatest common factor of i and 42?
21
Let m = -82 + 91. Let s be 218/m + 16/(-72). Calculate the greatest common factor of 120 and s.
24
Let m(h) = -9*h + 31*h**2 - 30*h**2 - 21 + 3*h. Let c be m(-9). What is the highest common divisor of c and 6?
6
Suppose -4*g = 5*d + 2, -2*d = 2*g - d - 2. Suppose -2*t = t + 3*p - 399, -g*p = 5*t - 674. What is the greatest common divisor of 17 and t?
17
Suppose -27*u + 36 = -18*u. Let n = -40 - -84. Calculate the highest common factor of n and u.
4
Let l = 27 + -25. Suppose 0 = -l*w + 11 - 3. Calculate the highest common divisor of w and 16.
4
Let o = 4 - 1. Let t(k) = k**2 - 3 + k**o + 5*k**2 - 8*k + 2*k. Let b be t(-6). What is the highest common divisor of 22 and b?
11
Suppose -8*s + 12*s - 40 = -4*c, 4*s - 55 = -5*c. What is the greatest common factor of 155 and c?
5
Let f = 29 - 18. Let z be (-1)/(2 + (-23)/f). Let r(d) = -d + 22. Let a be r(0). What is the greatest common factor of a and z?
11
Let k(b) = 142*b - 46. Let v be k(2). What is the highest common factor of v and 14?
14
Let o be 5 - ((4 - -5) + -4). Suppose -2*m - 5*g + 24 = -10, m + 5*g - 12 = o. Calculate the greatest common divisor of 11 and m.
11
Suppose 12*v = -3*v + 330. Calculate the greatest common factor of 594 and v.
22
Let q(z) = -z**3 - 5*z**2 - 5*z - 3. Let a be q(-6). Let p = 96 - a. Calculate the highest common factor of p and 11.
11
Let m be ((-94)/30 - (-30)/225) + 877. What is the highest common factor of 46 and m?
46
Let i = -917 - -1013. Calculate the greatest common factor of i and 40.
8
Suppose -330 = 25*i - 31*i. Calculate the greatest common divisor of i and 176.
11
Let h = 1476 - 1469. Suppose -76 = -5*r - 0*y - 3*y, -4*y + 64 = 4*r. Calculate the greatest common divisor of r and h.
7
Let p = 12 + 426. Let y = -253 + p. What is the highest common factor of y and 74?
37
Suppose -33*c + 396 = -31*c. Suppose 3*t = c + 162. What is the highest common divisor of t and 15?
15
Suppose -c = 3*k + 2*c - 270, -k - 5*c = -98. Let s = 65 + -54. Calculate the greatest common divisor of s and k.
11
Suppose -46*u + 216 = -34*u. What is the greatest common factor of u and 1?
1
Let y be (-14 + 55/5)/((-1)/25). Calculate the greatest common factor of y and 60.
15
Let r be 0 + (0 - 0) + 10. Let f(j) = -j**2 + 5*j + 1526. Let h be f(41). What is the highest common factor of h and r?
10
Let p = 553 - 514. What is the greatest common divisor of p and 12?
3
Let q be 4/8 - 6/4. Let z be 65*(2/q - -3). Suppose 3*d = -3*t + 12, -5*t + 6*d = 2*d - z. What is the highest common divisor of 63 and t?
9
Suppose 4*z - s = 2*s + 871, -3*z = s - 650. What is the highest common factor of z and 31?
31
Suppose 14*x - 13529 = 6169. What is the greatest common factor of x and 134?
67
Suppose -h + 5*h = 168. Suppose -3*x - h = -0. Let y = 14 - x. Calculate the highest common divisor of 224 and y.
28
Let o(j) = -3*j**3 - j**2 - 6*j - 6. Let a be o(-5). Let p be 17/(6*7/84). What is the greatest common divisor of a and p?
34
Let x(i) = -8*i + 30. Let g be x(-5). What is the greatest common factor of g and 35?
35
Let u be ((-12)/(-8))/(1/2). Let j be (0 - -1)/(16/1088). Suppose 5*v = m + 3*m + j, -2*v - 3*m + 18 = 0. Calculate the highest common factor of u and v.
3
Let r be 14 + -2 + 1 + -6. Let c(v) = v**2 + 2*v - 2. Let n be c(2). Suppose -2*q + n = -50. What is the highest common factor of q and r?
7
Suppose -18*n - 87 = -21*n. Suppose 5*i = j + 1308, -6*i + 2*i + 1050 = -2*j. Calculate the highest common factor of i and n.
29
Let n(w) = w**3 + 8*w**2 - 19*w + 11. Let x(b) = -b**3 - 4*b**2 + 7*b. Let q be x(-5). Let l be n(q). What is the greatest common divisor of l and 3?
1
Let q = 36 + -6. Suppose 45 = 5*w - 5*o, 0 = 3*w - 5*o - 9 - 16. Suppose w = 3*v - x - 12, -20 = -2*v + 2*x. Calculate the highest common factor of v and q.
6
Suppose 0 = 4*u + 2*j - 40, 3*u + 8 - 38 = 4*j. What is the greatest common factor of 190 and u?
10
Let m = 4 - -3. Let g be (387/18 - 0) + 2/(-4). What is the highest common factor of m and g?
7
Suppose -5*n = 2*l - 325 - 602, -3*l = -3. What is the greatest common divisor of n and 74?
37
Let g = -5 - -107. Let u be (-5 + 4)*(-1 - g). Suppose 3*p - d = u, 3*d = p + 2*p - 99. What is the greatest common factor of p and 5?
5
Let s = -43 + 83. Suppose -5*w + s = -4*x, -2*w - 10 = 5*x + 7. Let o = 6 + x. What is the greatest common factor of o and 7?
1
Let b be 1182/38 + 4/(-38). Let m be ((-3)/15*-2)/(5/3100). Calculate the highest common factor of m and b.
31
Let k(c) = c**2 + 26*c + 27. Suppose -3*a + 0*a - 75 = 0. Let q be k(a). Calculate the greatest common factor of q and 2.
2
Suppose q + 52 = 4*p - q, 0 = -3*p - 5*q + 52. What is the highest common factor of p and 154?
14
Let m = 91 - 39. Let j = m + -44. Calculate the highest common factor of j and 20.
4
Let a = -1624 + 2461. Let b be a/12 + 9/(-12). Let j be (-82)/(-6) + 23/b. Calculate the highest common divisor of 14 and j.
14
Suppose 0 = -9*v + 128 + 88. Let n be 7 + (v + 1)/5. Calculate the highest common factor of 4 and n.
4
Let n be 3 + (-2)/((12/26)/(-3)). What is the greatest common factor of 36 and n?
4
Let p(z) = -z**2 - 16*z + 6. Let u be p(-8). Let h = -46 + u. What is the greatest common factor of h and 36?
12
Let u be (-2)/2 + 0 + 3. Suppose 18 - 58 = -2*b + 2*o, 2*b + o = 46. What is the highest common divisor of u and b?
2
Let j = -239 + 244. Suppose -4*x = -2*x - 96. Suppose -2*m = -2*o + 16, j*o + 4*m - m - x = 0. Wha